{"id":3020,"date":"2022-09-06T09:26:27","date_gmt":"2022-09-06T09:26:27","guid":{"rendered":"https:\/\/laszapatillasrosas.com\/?post_type=product&#038;p=3020"},"modified":"2022-09-06T09:27:52","modified_gmt":"2022-09-06T09:27:52","slug":"3020","status":"publish","type":"product","link":"https:\/\/laszapatillasrosas.com\/?product=3020","title":{"rendered":"Zapatilla SoDanca"},"content":{"rendered":"<div><\/div>\n<div class=\"tabs standard\">\n<ul class=\"tab-links\">\n<li class=\"active\">\n<h5>Descripci\u00f3n<\/h5>\n<\/li>\n<\/ul>\n<div id=\"tab1\" class=\"tab active\">\n<div><strong>Tejidos:<\/strong><\/div>\n<div>Material exterior: Lona El\u00e1stica<\/div>\n<div>Material de la suela: Ante<\/div>\n<div><\/div>\n<div><strong>Caracteristicas:<\/strong><\/div>\n<ul>\n<li>Lona El\u00e1stica &#8211; Total libertad de movimientos e incre\u00edble adherencia a las curvas de los pies<\/li>\n<li>El\u00e1sticos dobles cruzados &#8211; Cosidos en un extremo, favoreciendo un ajuste personalizado<\/li>\n<li>Pliegues planos &#8211; Ofrecen una conexi\u00f3n m\u00e1s c\u00f3moda y sensible con el suelo<\/li>\n<li>Suela Partida de Ante &#8211; Ejecuci\u00f3n m\u00e1s f\u00e1cil de movimientos y t\u00e9cnicas avanzadas. Combina con el color del zapato<\/li>\n<li>Las almohadillas\u00a0 y tal\u00f3n de Ante est\u00e1n acolchadas para m\u00e1xima comodidad<\/li>\n<li>El cord\u00f3n tradicional ha sido reemplazado por una carcasa el\u00e1stica que proporciona menos presi\u00f3n y le da al pie un aspecto limpio y aerodin\u00e1mico<\/li>\n<\/ul>\n<div><\/div>\n<h6><strong>Indicaciones para elegir la talla:<\/strong>\u00a0Pida 1-1\u00bd tallas m\u00e1s grandes que el tama\u00f1o del zapato de calle<\/h6>\n<\/div>\n<\/div>\n","protected":false},"excerpt":{"rendered":"<p>Descripci\u00f3n Tejidos: Material exterior: Lona El\u00e1stica Material de la suela: Ante Caracteristicas: Lona El\u00e1stica &#8211; Total libertad de movimientos e incre\u00edble adherencia a las curvas de los pies El\u00e1sticos dobles cruzados &#8211; Cosidos en un extremo, favoreciendo un ajuste personalizado Pliegues planos &#8211; Ofrecen una conexi\u00f3n m\u00e1s c\u00f3moda y sensible con el suelo Suela Partida &hellip;<\/p>\n<p class=\"read-more\"> <a class=\"\" href=\"https:\/\/laszapatillasrosas.com\/?product=3020\"> <span class=\"screen-reader-text\">Zapatilla SoDanca<\/span> Leer m\u00e1s &raquo;<\/a><\/p>\n","protected":false},"featured_media":3021,"comment_status":"open","ping_status":"closed","template":"","meta":{"site-sidebar-layout":"default","site-content-layout":"default","ast-global-header-display":"","ast-main-header-display":"","ast-hfb-above-header-display":"","ast-hfb-below-header-display":"","ast-hfb-mobile-header-display":"","site-post-title":"","ast-breadcrumbs-content":"","ast-featured-img":"","footer-sml-layout":"","theme-transparent-header-meta":"default","adv-header-id-meta":"","stick-header-meta":"","header-above-stick-meta":"","header-main-stick-meta":"","header-below-stick-meta":"","spay_email":""},"product_cat":[72,18],"product_tag":[],"_links":{"self":[{"href":"https:\/\/laszapatillasrosas.com\/index.php?rest_route=\/wp\/v3\/product\/3020"}],"collection":[{"href":"https:\/\/laszapatillasrosas.com\/index.php?rest_route=\/wp\/v3\/product"}],"about":[{"href":"https:\/\/laszapatillasrosas.com\/index.php?rest_route=\/wp\/v2\/types\/product"}],"replies":[{"embeddable":true,"href":"https:\/\/laszapatillasrosas.com\/index.php?rest_route=%2Fwp%2Fv2%2Fcomments&post=3020"}],"version-history":[{"count":2,"href":"https:\/\/laszapatillasrosas.com\/index.php?rest_route=\/wp\/v3\/product\/3020\/revisions"}],"predecessor-version":[{"id":3040,"href":"https:\/\/laszapatillasrosas.com\/index.php?rest_route=\/wp\/v3\/product\/3020\/revisions\/3040"}],"wp:featuredmedia":[{"embeddable":true,"href":"https:\/\/laszapatillasrosas.com\/index.php?rest_route=\/wp\/v2\/media\/3021"}],"wp:attachment":[{"href":"https:\/\/laszapatillasrosas.com\/index.php?rest_route=%2Fwp%2Fv2%2Fmedia&parent=3020"}],"wp:term":[{"taxonomy":"product_cat","embeddable":true,"href":"https:\/\/laszapatillasrosas.com\/index.php?rest_route=%2Fwp%2Fv2%2Fproduct_cat&post=3020"},{"taxonomy":"product_tag","embeddable":true,"href":"https:\/\/laszapatillasrosas.com\/index.php?rest_route=%2Fwp%2Fv2%2Fproduct_tag&post=3020"}],"curies":[{"name":"wp","href":"https:\/\/api.w.org\/{rel}","templated":true}]}}