{"id":3453,"date":"2022-11-19T18:45:09","date_gmt":"2022-11-19T18:45:09","guid":{"rendered":"https:\/\/laszapatillasrosas.com\/?post_type=product&#038;p=3453"},"modified":"2022-11-20T18:21:27","modified_gmt":"2022-11-20T18:21:27","slug":"3453","status":"publish","type":"product","link":"https:\/\/laszapatillasrosas.com\/?product=3453","title":{"rendered":"BODY LYSTRAP FRANCE"},"content":{"rendered":"<div id=\"ctl00_body_PanelVisorNormal\">\n<div id=\"ctl00_body_VisorArticuloNormal1_UpdatePanel1\" class=\"vista_producto col-xs-12 col-sm-12 col-md-11 col-lg-11\">\n<div id=\"ctl00_body_VisorArticuloNormal1_PanelArticulo_ctl00_MostrarNormal\">\n<div class=\"producto_detalles col-xs-12 col-sm-7 col-md-9 col-lg-9\">\n<div class=\"descripciones\">\n<div id=\"ctl00_body_VisorArticuloNormal1_PanelArticulo_ctl00_PanelComposiciones\" class=\"CompoPanel\">\n<h5 class=\"h5Compo\"><\/h5>\n<\/div>\n<\/div>\n<\/div>\n<\/div>\n<div id=\"ctl00_body_VisorArticuloNormal1_PanelArticulo_ctl00_UpdatePanelStockError\"><\/div>\n<div id=\"ctl00_body_VisorArticuloNormal1_PanelArticulo_ctl00_UpdatePanelErrorMinimoMultiplo\"><\/div>\n<div><\/div>\n<\/div>\n<\/div>\n","protected":false},"excerpt":{"rendered":"<div id=\"ctl00_body_PanelVisorNormal\">\n<div id=\"ctl00_body_VisorArticuloNormal1_UpdatePanel1\" class=\"vista_producto col-xs-12 col-sm-12 col-md-11 col-lg-11\">\n<div id=\"ctl00_body_VisorArticuloNormal1_PanelArticulo_ctl00_MostrarNormal\">\n<div class=\"producto_detalles col-xs-12 col-sm-7 col-md-9 col-lg-9\">\n<div class=\"descripciones\">\n<p class=\"descripcion_larga_producto\">Maillot negro b\u00e1sico de tirantes finos en tejido Licra brillante de Intermezzo danza y ballet. Body b\u00e1sico con frunce regulable en escote y espalda con cintas. Un maillot cl\u00e1sico para bailarinas, gimnastas, patinadoras y para todo tipo de danza. El\u00e1stico, c\u00f3modo y ajustable al cuerpo. Disponible en tallas infantiles y adultas.<\/p>\n<p>\u2022 Maillot tirantes<br \/>\n\u2022 Frunce regulable en escote y espalda<br \/>\n\u2022 Tejido de Licra brillante<br \/>\n\u2022 Muy el\u00e1stico<br \/>\n\u2022 Color negro<\/p>\n<hr \/>\n<div id=\"ctl00_body_VisorArticuloNormal1_PanelArticulo_ctl00_PanelComposiciones\" class=\"CompoPanel\">\n<h5 class=\"h5Compo\"><span id=\"ctl00_body_VisorArticuloNormal1_PanelArticulo_ctl00_ilblcomposiciones\">Composiciones<\/span><\/h5>\n<p class=\"descripcion_larga_producto Composiciones\"><b>&#8211;<\/b><br \/>\n20% ELASTAN<br \/>\n80% POLIAMIDA<\/p>\n<\/div>\n<\/div>\n<\/div>\n<\/div>\n<div id=\"ctl00_body_VisorArticuloNormal1_PanelArticulo_ctl00_UpdatePanelStockError\"><\/div>\n<div id=\"ctl00_body_VisorArticuloNormal1_PanelArticulo_ctl00_UpdatePanelErrorMinimoMultiplo\"><\/div>\n<div><\/div>\n<\/div>\n<\/div>\n","protected":false},"featured_media":3454,"comment_status":"open","ping_status":"closed","template":"","meta":{"site-sidebar-layout":"default","site-content-layout":"default","ast-global-header-display":"","ast-main-header-display":"","ast-hfb-above-header-display":"","ast-hfb-below-header-display":"","ast-hfb-mobile-header-display":"","site-post-title":"","ast-breadcrumbs-content":"","ast-featured-img":"","footer-sml-layout":"","theme-transparent-header-meta":"default","adv-header-id-meta":"","stick-header-meta":"","header-above-stick-meta":"","header-main-stick-meta":"","header-below-stick-meta":"","spay_email":""},"product_cat":[17],"product_tag":[],"_links":{"self":[{"href":"https:\/\/laszapatillasrosas.com\/index.php?rest_route=\/wp\/v3\/product\/3453"}],"collection":[{"href":"https:\/\/laszapatillasrosas.com\/index.php?rest_route=\/wp\/v3\/product"}],"about":[{"href":"https:\/\/laszapatillasrosas.com\/index.php?rest_route=\/wp\/v2\/types\/product"}],"replies":[{"embeddable":true,"href":"https:\/\/laszapatillasrosas.com\/index.php?rest_route=%2Fwp%2Fv2%2Fcomments&post=3453"}],"version-history":[{"count":2,"href":"https:\/\/laszapatillasrosas.com\/index.php?rest_route=\/wp\/v3\/product\/3453\/revisions"}],"predecessor-version":[{"id":3560,"href":"https:\/\/laszapatillasrosas.com\/index.php?rest_route=\/wp\/v3\/product\/3453\/revisions\/3560"}],"wp:featuredmedia":[{"embeddable":true,"href":"https:\/\/laszapatillasrosas.com\/index.php?rest_route=\/wp\/v2\/media\/3454"}],"wp:attachment":[{"href":"https:\/\/laszapatillasrosas.com\/index.php?rest_route=%2Fwp%2Fv2%2Fmedia&parent=3453"}],"wp:term":[{"taxonomy":"product_cat","embeddable":true,"href":"https:\/\/laszapatillasrosas.com\/index.php?rest_route=%2Fwp%2Fv2%2Fproduct_cat&post=3453"},{"taxonomy":"product_tag","embeddable":true,"href":"https:\/\/laszapatillasrosas.com\/index.php?rest_route=%2Fwp%2Fv2%2Fproduct_tag&post=3453"}],"curies":[{"name":"wp","href":"https:\/\/api.w.org\/{rel}","templated":true}]}}