{"id":3587,"date":"2022-11-21T11:24:44","date_gmt":"2022-11-21T11:24:44","guid":{"rendered":"https:\/\/laszapatillasrosas.com\/?post_type=product&#038;p=3587"},"modified":"2022-11-29T00:09:09","modified_gmt":"2022-11-29T00:09:09","slug":"body-merene","status":"publish","type":"product","link":"https:\/\/laszapatillasrosas.com\/?product=body-merene","title":{"rendered":"BODY MERENE"},"content":{"rendered":"","protected":false},"excerpt":{"rendered":"<div class=\"no_padding_side col-xs-12 col-sm-12 col-md-12 col-lg-12\">\n<div id=\"ctl00_body_PanelVisorNormal\">\n<div id=\"ctl00_body_VisorArticuloNormal1_UpdatePanel1\" class=\"vista_producto col-xs-12 col-sm-12 col-md-11 col-lg-11\">\n<div id=\"ctl00_body_VisorArticuloNormal1_PanelArticulo_ctl00_MostrarNormal\">\n<div class=\"producto_detalles col-xs-12 col-sm-7 col-md-9 col-lg-9\">\n<div class=\"descripciones\">\n<p class=\"descripcion_larga_producto\">Maillot tirantes cruzados y espalda descubierta de Intermezzo. Con doble tirante fino cruzado en la parte superior de la espalda, dejando el resto de la espalda descubierta. Espalda baja. Con forro delantero. V\u00edstete con estilo en tus clases de danza. Body de danza el\u00e1stico de Intermezzo, de tejido suave, c\u00f3modo y ajustable al cuerpo.<\/p>\n<hr \/>\n<div id=\"ctl00_body_VisorArticuloNormal1_PanelArticulo_ctl00_PanelComposiciones\" class=\"CompoPanel\">\n<h5 class=\"h5Compo\"><span id=\"ctl00_body_VisorArticuloNormal1_PanelArticulo_ctl00_ilblcomposiciones\">Composiciones<\/span><\/h5>\n<p class=\"descripcion_larga_producto Composiciones\"><b>&#8211;<\/b><br \/>\n8% ELASTAN<br \/>\n92% POL MERYL<\/p>\n<\/div>\n<\/div>\n<\/div>\n<\/div>\n<div id=\"ctl00_body_VisorArticuloNormal1_PanelArticulo_ctl00_UpdatePanelStockError\"><\/div>\n<div id=\"ctl00_body_VisorArticuloNormal1_PanelArticulo_ctl00_UpdatePanelErrorMinimoMultiplo\"><\/div>\n<div><\/div>\n<\/div>\n<\/div>\n<div id=\"ctl00_body_ctl00_PanelRelacionadosProducto\" class=\"vista_productoRel col-xs-12 col-sm-12 col-md-11 col-lg-11\"><\/div>\n<\/div>\n<div id=\"ctl00_FooterCabecera\" class=\"footer no_padding_side col-xs-12 col-sm-12 col-md-12 col-lg-12\">\n<div class=\"footer_bloque_1 col-xs-12 col-sm-12 col-md-6 col-lg-6\"><\/div>\n<\/div>\n","protected":false},"featured_media":3541,"comment_status":"open","ping_status":"closed","template":"","meta":{"site-sidebar-layout":"default","site-content-layout":"default","ast-global-header-display":"","ast-main-header-display":"","ast-hfb-above-header-display":"","ast-hfb-below-header-display":"","ast-hfb-mobile-header-display":"","site-post-title":"","ast-breadcrumbs-content":"","ast-featured-img":"","footer-sml-layout":"","theme-transparent-header-meta":"default","adv-header-id-meta":"","stick-header-meta":"","header-above-stick-meta":"","header-main-stick-meta":"","header-below-stick-meta":"","spay_email":""},"product_cat":[70,17],"product_tag":[],"_links":{"self":[{"href":"https:\/\/laszapatillasrosas.com\/index.php?rest_route=\/wp\/v3\/product\/3587"}],"collection":[{"href":"https:\/\/laszapatillasrosas.com\/index.php?rest_route=\/wp\/v3\/product"}],"about":[{"href":"https:\/\/laszapatillasrosas.com\/index.php?rest_route=\/wp\/v2\/types\/product"}],"replies":[{"embeddable":true,"href":"https:\/\/laszapatillasrosas.com\/index.php?rest_route=%2Fwp%2Fv2%2Fcomments&post=3587"}],"version-history":[{"count":1,"href":"https:\/\/laszapatillasrosas.com\/index.php?rest_route=\/wp\/v3\/product\/3587\/revisions"}],"predecessor-version":[{"id":3589,"href":"https:\/\/laszapatillasrosas.com\/index.php?rest_route=\/wp\/v3\/product\/3587\/revisions\/3589"}],"wp:featuredmedia":[{"embeddable":true,"href":"https:\/\/laszapatillasrosas.com\/index.php?rest_route=\/wp\/v2\/media\/3541"}],"wp:attachment":[{"href":"https:\/\/laszapatillasrosas.com\/index.php?rest_route=%2Fwp%2Fv2%2Fmedia&parent=3587"}],"wp:term":[{"taxonomy":"product_cat","embeddable":true,"href":"https:\/\/laszapatillasrosas.com\/index.php?rest_route=%2Fwp%2Fv2%2Fproduct_cat&post=3587"},{"taxonomy":"product_tag","embeddable":true,"href":"https:\/\/laszapatillasrosas.com\/index.php?rest_route=%2Fwp%2Fv2%2Fproduct_tag&post=3587"}],"curies":[{"name":"wp","href":"https:\/\/api.w.org\/{rel}","templated":true}]}}